{"id":252,"date":"2025-08-19T16:11:20","date_gmt":"2025-08-19T14:11:20","guid":{"rendered":"http:\/\/benja.usach.cl\/wordpress\/?page_id=252"},"modified":"2025-12-18T11:28:57","modified_gmt":"2025-12-18T10:28:57","slug":"conecta-fae","status":"publish","type":"page","link":"https:\/\/alumnifae.usach.cl\/index.php\/conecta-fae\/","title":{"rendered":"Conecta FAE"},"content":{"rendered":"<p>[et_pb_section fb_built=\u00bb1&#8243; _builder_version=\u00bb4.27.4&#8243; _module_preset=\u00bbdefault\u00bb background_color=\u00bbrgba(10,10,10,0.38)\u00bb use_background_color_gradient=\u00bbon\u00bb background_color_gradient_stops=\u00bbrgba(0,0,0,0.8) 12%|rgba(0,0,0,0.3) 45%\u00bb background_image=\u00bbhttps:\/\/alumnifae.usach.cl\/wp-content\/uploads\/2025\/12\/header-conecta-fae.jpg\u00bb background_blend=\u00bbdarken\u00bb module_alignment=\u00bbleft\u00bb height=\u00bb566px\u00bb height_tablet=\u00bb566px\u00bb height_phone=\u00bb630px\u00bb height_last_edited=\u00bbon|desktop\u00bb hover_enabled=\u00bb0&#8243; locked=\u00bboff\u00bb global_colors_info=\u00bb{}\u00bb title_text=\u00bbheader-conecta-fae\u00bb sticky_enabled=\u00bb0&#8243;][et_pb_row custom_padding_last_edited=\u00bbon|tablet\u00bb _builder_version=\u00bb4.27.4&#8243; _module_preset=\u00bbdefault\u00bb module_alignment=\u00bbleft\u00bb custom_margin=\u00bb||||false|false\u00bb custom_padding=\u00bb255px||0px|73px|false|false\u00bb custom_padding_tablet=\u00bb217px||0px|73px|false|false\u00bb custom_padding_phone=\u00bb217px||0px|38px|false|false\u00bb global_colors_info=\u00bb{}\u00bb][et_pb_column type=\u00bb4_4&#8243; _builder_version=\u00bb4.27.4&#8243; _module_preset=\u00bbdefault\u00bb global_colors_info=\u00bb{}\u00bb][et_pb_heading title=\u00bbConecta FAE\u00bb _builder_version=\u00bb4.27.4&#8243; _module_preset=\u00bbdefault\u00bb title_font=\u00bb||||||||\u00bb title_text_color=\u00bb#FFFFFF\u00bb title_font_size=\u00bb76px\u00bb global_colors_info=\u00bb{}\u00bb][\/et_pb_heading][et_pb_text _builder_version=\u00bb4.27.4&#8243; _module_preset=\u00bbdefault\u00bb text_text_color=\u00bb#FFFFFF\u00bb background_layout=\u00bbdark\u00bb global_colors_info=\u00bb{}\u00bb]<\/p>\n<h3><span style=\"font-weight: 400;\">Vinc\u00falate a la comunidad FAE y accede a oportunidades que impulsen tu desarrollo profesional y personal.<\/span><\/h3>\n<p>[\/et_pb_text][\/et_pb_column][\/et_pb_row][\/et_pb_section][et_pb_section fb_built=\u00bb1&#8243; _builder_version=\u00bb4.27.4&#8243; _module_preset=\u00bbdefault\u00bb global_colors_info=\u00bb{}\u00bb][et_pb_row column_structure=\u00bb1_2,1_2&#8243; make_equal=\u00bbon\u00bb _builder_version=\u00bb4.27.4&#8243; _module_preset=\u00bbdefault\u00bb global_colors_info=\u00bb{}\u00bb][et_pb_column type=\u00bb1_2&#8243; _builder_version=\u00bb4.27.4&#8243; _module_preset=\u00bbdefault\u00bb global_colors_info=\u00bb{}\u00bb][et_pb_image src=\u00bbhttps:\/\/alumnifae.usach.cl\/wp-content\/uploads\/2025\/11\/CONECTA-FAE-1.jpg\u00bb title_text=\u00bbCONECTA-FAE (1)\u00bb force_fullwidth=\u00bbon\u00bb _builder_version=\u00bb4.27.4&#8243; _module_preset=\u00bbdefault\u00bb min_height=\u00bb284px\u00bb min_height_tablet=\u00bb343px\u00bb min_height_phone=\u00bb170px\u00bb min_height_last_edited=\u00bbon|tablet\u00bb border_radii=\u00bbon|10px|10px|10px|10px\u00bb global_colors_info=\u00bb{}\u00bb][\/et_pb_image][\/et_pb_column][et_pb_column type=\u00bb1_2&#8243; _builder_version=\u00bb4.27.4&#8243; _module_preset=\u00bbdefault\u00bb global_colors_info=\u00bb{}\u00bb][et_pb_code _builder_version=\u00bb4.27.4&#8243; _module_preset=\u00bbdefault\u00bb custom_margin=\u00bb||6px|||\u00bb global_colors_info=\u00bb{}\u00bb]<\/p>\n<h2 style=\"margin:0; line-height:1.15;\"><!-- [et_pb_line_break_holder] -->  <span aria-hidden=\"true\"<!-- [et_pb_line_break_holder] -->        style=\u00bbdisplay:inline-block;width:.72rem;height:.72rem;background:#f28c00;border-radius:2px;<!-- [et_pb_line_break_holder] -->               vertical-align:middle;margin-right:.1rem;transform:translateY(-0.10em);\u00bb><\/span><!-- [et_pb_line_break_holder] -->  Conecta FAE<!-- [et_pb_line_break_holder] --><\/h2>\n<p>[\/et_pb_code][et_pb_text _builder_version=\u00bb4.27.4&#8243; _module_preset=\u00bbdefault\u00bb text_line_height=\u00bb1.6em\u00bb global_colors_info=\u00bb{}\u00bb]<\/p>\n<p><span style=\"font-weight: 400;\">En este espacio podr\u00e1s conectarte con otras personas egresadas, acceder a ofertas laborales y de pr\u00e1ctica, informaci\u00f3n de inter\u00e9s, beneficios exclusivos y actividades especialmente dise\u00f1adas para nuestra comunidad Alumni.<\/span><\/p>\n<p>\u00a0<span style=\"font-weight: 400;\">Al registrarte en Alumni FAE, formar\u00e1s parte de una red activa que promueve la colaboraci\u00f3n, el aprendizaje continuo y el orgullo de pertenecer a la Facultad de Administraci\u00f3n y Econom\u00eda de la Universidad de Santiago de Chile.<\/span><\/p>\n<p><span style=\"font-weight: 400;\">Porque ser parte de la FAE no termina al egresar\u2026 \u00a1Con\u00e9ctate, participa y sigue creciendo junto a tu comunidad Alumni FAE!<\/span><\/p>\n<p>[\/et_pb_text][\/et_pb_column][\/et_pb_row][et_pb_row use_custom_gutter=\u00bbon\u00bb gutter_width=\u00bb1&#8243; disabled_on=\u00bboff|off|off\u00bb _builder_version=\u00bb4.27.4&#8243; _module_preset=\u00bbdefault\u00bb width=\u00bb100%\u00bb module_alignment=\u00bbcenter\u00bb custom_padding=\u00bb||2px|||\u00bb locked=\u00bboff\u00bb global_colors_info=\u00bb{}\u00bb][et_pb_column type=\u00bb4_4&#8243; _builder_version=\u00bb4.27.4&#8243; _module_preset=\u00bbdefault\u00bb global_colors_info=\u00bb{}\u00bb][et_pb_code _builder_version=\u00bb4.27.4&#8243; _module_preset=\u00bbdefault\u00bb text_orientation=\u00bbcenter\u00bb locked=\u00bboff\u00bb global_colors_info=\u00bb{}\u00bb]<\/p>\n<h2 style=\"margin:0; line-height:1.15;\"><!-- [et_pb_line_break_holder] -->  <span aria-hidden=\"true\"<!-- [et_pb_line_break_holder] -->        style=\u00bbdisplay:inline-block;width:.72rem;height:.72rem;background:#f28c00;border-radius:2px;<!-- [et_pb_line_break_holder] -->               vertical-align:middle;margin-right:.1rem;transform:translateY(-0.10em);\u00bb><\/span><!-- [et_pb_line_break_holder] --> Directorio de Egresados<\/h2>\n<p>[\/et_pb_code][\/et_pb_column][\/et_pb_row][et_pb_row use_custom_gutter=\u00bbon\u00bb gutter_width=\u00bb1&#8243; disabled_on=\u00bboff|off|off\u00bb _builder_version=\u00bb4.27.4&#8243; _module_preset=\u00bbdefault\u00bb width=\u00bb100%\u00bb module_alignment=\u00bbcenter\u00bb custom_padding=\u00bb||2px|||\u00bb locked=\u00bboff\u00bb global_colors_info=\u00bb{}\u00bb][et_pb_column type=\u00bb4_4&#8243; _builder_version=\u00bb4.27.4&#8243; _module_preset=\u00bbdefault\u00bb global_colors_info=\u00bb{}\u00bb][et_pb_button button_url=\u00bbhttps:\/\/laetitia.usach.cl\/\u00bb url_new_window=\u00bbon\u00bb button_text=\u00bbLaetitia Usach\u00bb button_alignment=\u00bbcenter\u00bb _builder_version=\u00bb4.27.4&#8243; _module_preset=\u00bbdefault\u00bb custom_button=\u00bbon\u00bb button_text_size=\u00bb23px\u00bb button_text_color=\u00bb#FFFFFF\u00bb button_bg_color=\u00bbgcid-primary-color\u00bb button_border_width=\u00bb0px\u00bb button_border_radius=\u00bb31px\u00bb button_use_icon=\u00bboff\u00bb box_shadow_style=\u00bbpreset1&#8243; global_colors_info=\u00bb{%22gcid-primary-color%22:%91%22button_bg_color%22%93}\u00bb][\/et_pb_button][\/et_pb_column][\/et_pb_row][et_pb_row column_structure=\u00bb1_2,1_2&#8243; use_custom_gutter=\u00bbon\u00bb gutter_width=\u00bb2&#8243; disabled_on=\u00bbon|on|on\u00bb _builder_version=\u00bb4.27.4&#8243; _module_preset=\u00bbdefault\u00bb module_alignment=\u00bbcenter\u00bb custom_margin=\u00bb1px|auto||auto||\u00bb disabled=\u00bbon\u00bb global_colors_info=\u00bb{}\u00bb][et_pb_column type=\u00bb1_2&#8243; _builder_version=\u00bb4.27.4&#8243; _module_preset=\u00bbdefault\u00bb global_colors_info=\u00bb{}\u00bb][et_pb_button button_url=\u00bbhttps:\/\/laetitia.usach.cl\/\u00bb url_new_window=\u00bbon\u00bb button_text=\u00bbLaetitia Usach\u00bb button_alignment=\u00bbright\u00bb _builder_version=\u00bb4.27.4&#8243; _module_preset=\u00bbdefault\u00bb custom_button=\u00bbon\u00bb button_text_size=\u00bb23px\u00bb button_text_color=\u00bb#FFFFFF\u00bb button_bg_color=\u00bbgcid-primary-color\u00bb button_border_width=\u00bb0px\u00bb button_border_radius=\u00bb31px\u00bb button_use_icon=\u00bboff\u00bb box_shadow_style=\u00bbpreset1&#8243; global_colors_info=\u00bb{%22gcid-primary-color%22:%91%22button_bg_color%22%93}\u00bb][\/et_pb_button][\/et_pb_column][et_pb_column type=\u00bb1_2&#8243; _builder_version=\u00bb4.27.4&#8243; _module_preset=\u00bbdefault\u00bb global_colors_info=\u00bb{}\u00bb][et_pb_button button_url=\u00bbhttps:\/\/laetitia.usach.cl\/\u00bb url_new_window=\u00bbon\u00bb button_text=\u00bbLaetitia Usach\u00bb button_alignment=\u00bbleft\u00bb _builder_version=\u00bb4.27.4&#8243; _module_preset=\u00bbdefault\u00bb custom_button=\u00bbon\u00bb button_text_size=\u00bb23px\u00bb button_text_color=\u00bb#FFFFFF\u00bb button_bg_color=\u00bbgcid-primary-color\u00bb button_border_width=\u00bb0px\u00bb button_border_radius=\u00bb31px\u00bb button_use_icon=\u00bboff\u00bb box_shadow_style=\u00bbpreset1&#8243; global_colors_info=\u00bb{%22gcid-primary-color%22:%91%22button_bg_color%22%93}\u00bb][\/et_pb_button][\/et_pb_column][\/et_pb_row][\/et_pb_section]<\/p>\n","protected":false},"excerpt":{"rendered":"<p>Vinc\u00falate a la comunidad FAE y accede a oportunidades que impulsen tu desarrollo profesional y personal.En este espacio podr\u00e1s conectarte con otras personas egresadas, acceder a ofertas laborales y de pr\u00e1ctica, informaci\u00f3n de inter\u00e9s, beneficios exclusivos y actividades especialmente dise\u00f1adas para nuestra comunidad Alumni. \u00a0Al registrarte en Alumni FAE, formar\u00e1s parte de una red activa [&hellip;]<\/p>\n","protected":false},"author":3,"featured_media":0,"parent":0,"menu_order":0,"comment_status":"closed","ping_status":"closed","template":"","meta":{"_et_pb_use_builder":"on","_et_pb_old_content":"<!-- wp:divi\/placeholder \/-->","_et_gb_content_width":"","footnotes":""},"class_list":["post-252","page","type-page","status-publish","hentry"],"_links":{"self":[{"href":"https:\/\/alumnifae.usach.cl\/index.php\/wp-json\/wp\/v2\/pages\/252","targetHints":{"allow":["GET"]}}],"collection":[{"href":"https:\/\/alumnifae.usach.cl\/index.php\/wp-json\/wp\/v2\/pages"}],"about":[{"href":"https:\/\/alumnifae.usach.cl\/index.php\/wp-json\/wp\/v2\/types\/page"}],"author":[{"embeddable":true,"href":"https:\/\/alumnifae.usach.cl\/index.php\/wp-json\/wp\/v2\/users\/3"}],"replies":[{"embeddable":true,"href":"https:\/\/alumnifae.usach.cl\/index.php\/wp-json\/wp\/v2\/comments?post=252"}],"version-history":[{"count":39,"href":"https:\/\/alumnifae.usach.cl\/index.php\/wp-json\/wp\/v2\/pages\/252\/revisions"}],"predecessor-version":[{"id":1326,"href":"https:\/\/alumnifae.usach.cl\/index.php\/wp-json\/wp\/v2\/pages\/252\/revisions\/1326"}],"wp:attachment":[{"href":"https:\/\/alumnifae.usach.cl\/index.php\/wp-json\/wp\/v2\/media?parent=252"}],"curies":[{"name":"wp","href":"https:\/\/api.w.org\/{rel}","templated":true}]}}